{"id":11,"date":"2021-06-03T14:01:56","date_gmt":"2021-06-03T14:01:56","guid":{"rendered":"http:\/\/musavida.com\/pecheurs\/?page_id=11"},"modified":"2025-03-24T15:44:39","modified_gmt":"2025-03-24T15:44:39","slug":"musiciens","status":"publish","type":"page","link":"https:\/\/musavida.com\/pecheurs\/fr\/musiciens\/","title":{"rendered":"Musiciens"},"content":{"rendered":"\n<div class=\"wp-block-media-text alignwide has-media-on-the-right is-stacked-on-mobile\" style=\"grid-template-columns:auto 32%\" id=\"alnuma\"><div class=\"wp-block-media-text__content\">\n<h2 class=\"wp-block-heading\">Mohamed Alnuma<\/h2>\n\n\n\n<p>Chant, oud<br>Il quitte l&#8217;Irak \u00e0 17 ans.<br>En Europe, il \u00e9tudie la guitare jazz, avant de red\u00e9couvrir ses racines, la musique des p\u00eacheurs de perles du golfe persique. Il se d\u00e9die alors \u00e0 la pratique du oud et du chant traditionnel, et fonde en 1997 l&#8217;ensemble P\u00eacheurs de Perles.<br>Il interpr\u00e8te des chants traditionnels et des m\u00e9lodies qu&#8217;il compose sur des textes soufis du Moyen-\u00e2ge (Al-Hallaj, 857-922), avec comme id\u00e9e ma\u00eetresse la rencontre et le dialogue entre Orient et occident.<br><a href=\"https:\/\/soundsofsociety.in\/release\/mohamed-alnuma\/\" target=\"_blank\" rel=\"noreferrer noopener\">https:\/\/soundsofsociety.in\/release\/mohamed-alnuma\/<\/a><\/p>\n<\/div><figure class=\"wp-block-media-text__media\"><a href=\"http:\/\/musavida.com\/pecheurs\/fr\/musique\/\"><img decoding=\"async\" src=\"http:\/\/musavida.com\/pecheurs\/wp-content\/uploads\/Mohamed-Alnuma-portrait-Barcelona.jpg\" alt=\"Mohamed Alnuma, voice, oud\" class=\"wp-image-127 size-full\"\/><\/a><\/figure><\/div>\n\n\n\n<div class=\"wp-block-media-text alignwide has-media-on-the-right is-stacked-on-mobile\" style=\"grid-template-columns:auto 32%\" id=\"milchberg\"><div class=\"wp-block-media-text__content\">\n<h2 class=\"wp-block-heading\">Olivier Milchberg<\/h2>\n\n\n\n<p>Bouzouki, ney, fl\u00fbte Bansouri, \u00e7\u00fcmb\u00fcs (banjo turc),cura saz<br>Il est n\u00e9 en France, de racines juives et argentines. Apr\u00e8s un long parcours \u00e0 travers les musiques traditionnelles de diff\u00e9rents pays en tant que musicien et producteur (<a rel=\"noreferrer noopener\" href=\"http:\/\/www.musavida.com\" target=\"_blank\">Musavida<\/a>), il se passionne pour les musiques turques et du Moyen-Orient. Il rejoint P\u00eacheurs de perles en 99, en tant qu&#8217;instrumentiste et arrangeur.<br>Ses projets mettent sur un m\u00eame plan l&#8217;aspect artistique et l&#8217;aspect humain : &#8221; La musique est une langue qui traverse les fronti\u00e8res physiques, sociales et religieuses. &#8220;<br><a rel=\"noreferrer noopener\" href=\"http:\/\/www.olimilch.com\" target=\"_blank\">www.olimilch.com<\/a><\/p>\n<\/div><figure class=\"wp-block-media-text__media\"><a href=\"http:\/\/musavida.com\/pecheurs\/fr\/musique\/\"><img decoding=\"async\" src=\"http:\/\/musavida.com\/pecheurs\/wp-content\/uploads\/Olivier-portrait-Correns.jpg\" alt=\"Olivier Milchberg, cura saz\" class=\"wp-image-129 size-full\"\/><\/a><\/figure><\/div>\n\n\n\n<div class=\"wp-block-media-text alignwide has-media-on-the-right is-stacked-on-mobile\" style=\"grid-template-columns:auto 32%\" id=\"Autexier\"><div class=\"wp-block-media-text__content\">\n<h2 class=\"wp-block-heading\">Mathias Autexier<\/h2>\n\n\n\n<p>Percussions<br>Il est n\u00e9 et vit dans les Alpes de Haute-Provence. Il se forme d\u2019abord \u00e0 la pratique du zarb (percussion iranienne) avec Keyvan et Djamchid Chemirani, enseign\u00e9 de mani\u00e8re traditionnelle non-\u00e9crite. Puis il adapte la technique digitale du zarb \u00e0 la derbouka et d\u2019autres percussions.<br>Passionn\u00e9 par les percussions orientales, il se consacre \u00e0 la pratique des diff\u00e9rents rythmes turcs, grecs, maghr\u00e9bins, perses, et puise dans leurs identit\u00e9s pour d\u00e9velopper son propre phras\u00e9 musical.<br><a href=\"http:\/\/www.bissaporchestra.com\/\">Bissap<\/a><\/p>\n<\/div><figure class=\"wp-block-media-text__media\"><a href=\"http:\/\/musavida.com\/pecheurs\/fr\/musique\/\"><img decoding=\"async\" src=\"http:\/\/musavida.com\/pecheurs\/wp-content\/uploads\/Mathias-Autexier-Bath-2006-2-1024x864.jpg\" alt=\"Mathias Autexier, percussion\" class=\"wp-image-134 size-full\"\/><\/a><\/figure><\/div>\n\n\n\n<div class=\"wp-block-media-text alignwide has-media-on-the-right is-stacked-on-mobile\" style=\"grid-template-columns:auto 32%\" id=\"roy\"><div class=\"wp-block-media-text__content\">\n<h2 class=\"wp-block-heading\">Catherine Roy<\/h2>\n\n\n\n<p>Accord\u00e9on<br>Elle suit une formation classique au piano pendant dix ans au conservatoire de Nancy. Puis elle s\u2019int\u00e9resse aux musiques traditionnelles et y trouve plus de libert\u00e9 et de spontan\u00e9it\u00e9. Elle se tourne alors naturellement vers la musique Klezmer \u00e0 travers l\u2019accord\u00e9on chromatique, puis les musiques et danses traditionnelles de l\u2019Est. C\u2019est sa rencontre avec Mohamed Alnuma qui donnera \u00ab l\u2019esprit P\u00eacheurs de Perles \u00bb : rencontre Orient \u2013 Occident, rencontre des traditions juives et arabes, rencontre du masculin et du f\u00e9minin.<\/p>\n<\/div><figure class=\"wp-block-media-text__media\"><a href=\"http:\/\/musavida.com\/pecheurs\/fr\/musique\/\"><img decoding=\"async\" src=\"http:\/\/musavida.com\/pecheurs\/wp-content\/uploads\/Catherine-Roy-portrait-barcelona.jpg\" alt=\"Catherine Roy, accordion\" class=\"wp-image-137 size-full\"\/><\/a><\/figure><\/div>\n\n\n\n<h2 class=\"wp-block-heading\">Musiciens invit\u00e9s<\/h2>\n\n\n\n<hr class=\"wp-block-separator has-css-opacity is-style-default\"\/>\n\n\n\n<div class=\"wp-block-media-text has-media-on-the-right is-stacked-on-mobile\" style=\"grid-template-columns:auto 33%\"><div class=\"wp-block-media-text__content\">\n<h3 class=\"wp-block-heading\">Christian Zagaria<\/h3>\n\n\n\n<p>Quinton, arrangements &#8211; Album Madad<\/p>\n<\/div><figure class=\"wp-block-media-text__media\"><a href=\"http:\/\/musavida.com\/pecheurs\/fr\/musique\/#madad\"><img decoding=\"async\" src=\"http:\/\/musavida.com\/pecheurs\/wp-content\/uploads\/Pecheurs-Zagaria.jpg\" alt=\"\" class=\"wp-image-251 size-full\"\/><\/a><\/figure><\/div>\n\n\n\n<div class=\"wp-block-media-text has-media-on-the-right is-stacked-on-mobile\" style=\"grid-template-columns:auto 33%\"><div class=\"wp-block-media-text__content\">\n<h3 class=\"wp-block-heading\">Moneim Adwan<\/h3>\n\n\n\n<p>Chant, oud &#8211; Album Motayem<\/p>\n<\/div><figure class=\"wp-block-media-text__media\"><a href=\"http:\/\/musavida.com\/pecheurs\/fr\/musique\/#motayem\"><img decoding=\"async\" src=\"http:\/\/musavida.com\/pecheurs\/wp-content\/uploads\/Pecheurs-Moneim-Adwan.jpg\" alt=\"\" class=\"wp-image-250 size-full\"\/><\/a><\/figure><\/div>\n\n\n\n<div class=\"wp-block-media-text has-media-on-the-right is-stacked-on-mobile\" style=\"grid-template-columns:auto 33%\"><div class=\"wp-block-media-text__content\">\n<h3 class=\"wp-block-heading\">Zhubin Kalhor<\/h3>\n\n\n\n<p>Kamanch\u00e9, percussions &#8211; Albums Motayem, Wahed<\/p>\n<\/div><figure class=\"wp-block-media-text__media\"><a href=\"http:\/\/musavida.com\/pecheurs\/fr\/musique\/\"><img decoding=\"async\" src=\"http:\/\/musavida.com\/pecheurs\/wp-content\/uploads\/Pecheurs-Kalhor.jpg\" alt=\"\" class=\"wp-image-249 size-full\"\/><\/a><\/figure><\/div>\n\n\n\n<div class=\"wp-block-media-text has-media-on-the-right is-stacked-on-mobile\" style=\"grid-template-columns:auto 33%\"><div class=\"wp-block-media-text__content\">\n<h3 class=\"wp-block-heading\">Bijan Chemirani<\/h3>\n\n\n\n<p>Percussions &#8211; Album Motayem<\/p>\n<\/div><figure class=\"wp-block-media-text__media\"><a href=\"http:\/\/musavida.com\/pecheurs\/fr\/musique\/\"><img decoding=\"async\" src=\"http:\/\/musavida.com\/pecheurs\/wp-content\/uploads\/Bijan-Chemirani.jpg\" alt=\"\" class=\"wp-image-255 size-full\"\/><\/a><\/figure><\/div>\n\n\n\n<div class=\"wp-block-media-text has-media-on-the-right is-stacked-on-mobile\" style=\"grid-template-columns:auto 33%\" id=\"atlan\"><div class=\"wp-block-media-text__content\">\n<h3 class=\"wp-block-heading\">Pascal Tellier<\/h3>\n\n\n\n<p>Basse &#8211; Album Wahed<\/p>\n<\/div><figure class=\"wp-block-media-text__media\"><a href=\"http:\/\/musavida.com\/pecheurs\/fr\/musique\/\"><img decoding=\"async\" src=\"http:\/\/musavida.com\/pecheurs\/wp-content\/uploads\/Pecheurs-Tellier.jpg\" alt=\"\" class=\"wp-image-248 size-full\"\/><\/a><\/figure><\/div>\n\n\n\n<div class=\"wp-block-media-text has-media-on-the-right is-stacked-on-mobile\" style=\"grid-template-columns:auto 33%\"><div class=\"wp-block-media-text__content\">\n<h3 class=\"wp-block-heading\">Herbert Koschmeider<\/h3>\n\n\n\n<p>Sax &#8211; Albums Motayem, Wahed<\/p>\n<\/div><figure class=\"wp-block-media-text__media\"><a href=\"http:\/\/musavida.com\/pecheurs\/fr\/musique\/\"><img decoding=\"async\" src=\"http:\/\/musavida.com\/pecheurs\/wp-content\/uploads\/Pecheurs-Istanbul.jpg\" alt=\"\" class=\"wp-image-257 size-full\"\/><\/a><\/figure><\/div>\n\n\n\n<div class=\"wp-block-media-text has-media-on-the-right is-stacked-on-mobile\" style=\"grid-template-columns:auto 33%\"><div class=\"wp-block-media-text__content\">\n<h3 class=\"wp-block-heading\">Fran\u00e7oise Atlan<\/h3>\n\n\n\n<p>Chant &#8211; Album Nawah<\/p>\n<\/div><figure class=\"wp-block-media-text__media\"><a href=\"http:\/\/musavida.com\/pecheurs\/fr\/musique\/#nawah\"><img decoding=\"async\" src=\"http:\/\/musavida.com\/pecheurs\/wp-content\/uploads\/Pecheurs-Atlan.jpg\" alt=\"\" class=\"wp-image-246 size-full\"\/><\/a><\/figure><\/div>\n","protected":false},"excerpt":{"rendered":"<p>Mohamed Alnuma Chant, oudIl quitte l&#8217;Irak \u00e0 17 ans.En Europe, il \u00e9tudie la guitare jazz, avant de red\u00e9couvrir ses racines, [&hellip;]<\/p>\n","protected":false},"author":1,"featured_media":0,"parent":0,"menu_order":0,"comment_status":"closed","ping_status":"closed","template":"","meta":{"site-sidebar-layout":"default","site-content-layout":"default","ast-site-content-layout":"default","site-content-style":"default","site-sidebar-style":"default","ast-global-header-display":"","ast-banner-title-visibility":"","ast-main-header-display":"","ast-hfb-above-header-display":"","ast-hfb-below-header-display":"","ast-hfb-mobile-header-display":"","site-post-title":"disabled","ast-breadcrumbs-content":"","ast-featured-img":"","footer-sml-layout":"","ast-disable-related-posts":"","theme-transparent-header-meta":"default","adv-header-id-meta":"","stick-header-meta":"","header-above-stick-meta":"","header-main-stick-meta":"","header-below-stick-meta":"","astra-migrate-meta-layouts":"default","ast-page-background-enabled":"default","ast-page-background-meta":{"desktop":{"background-color":"var(--ast-global-color-4)","background-image":"","background-repeat":"repeat","background-position":"center center","background-size":"auto","background-attachment":"scroll","background-type":"","background-media":"","overlay-type":"","overlay-color":"","overlay-opacity":"","overlay-gradient":""},"tablet":{"background-color":"","background-image":"","background-repeat":"repeat","background-position":"center center","background-size":"auto","background-attachment":"scroll","background-type":"","background-media":"","overlay-type":"","overlay-color":"","overlay-opacity":"","overlay-gradient":""},"mobile":{"background-color":"","background-image":"","background-repeat":"repeat","background-position":"center center","background-size":"auto","background-attachment":"scroll","background-type":"","background-media":"","overlay-type":"","overlay-color":"","overlay-opacity":"","overlay-gradient":""}},"ast-content-background-meta":{"desktop":{"background-color":"var(--ast-global-color-5)","background-image":"","background-repeat":"repeat","background-position":"center center","background-size":"auto","background-attachment":"scroll","background-type":"","background-media":"","overlay-type":"","overlay-color":"","overlay-opacity":"","overlay-gradient":""},"tablet":{"background-color":"var(--ast-global-color-5)","background-image":"","background-repeat":"repeat","background-position":"center center","background-size":"auto","background-attachment":"scroll","background-type":"","background-media":"","overlay-type":"","overlay-color":"","overlay-opacity":"","overlay-gradient":""},"mobile":{"background-color":"var(--ast-global-color-5)","background-image":"","background-repeat":"repeat","background-position":"center center","background-size":"auto","background-attachment":"scroll","background-type":"","background-media":"","overlay-type":"","overlay-color":"","overlay-opacity":"","overlay-gradient":""}},"footnotes":""},"class_list":["post-11","page","type-page","status-publish","hentry"],"_links":{"self":[{"href":"https:\/\/musavida.com\/pecheurs\/wp-json\/wp\/v2\/pages\/11","targetHints":{"allow":["GET"]}}],"collection":[{"href":"https:\/\/musavida.com\/pecheurs\/wp-json\/wp\/v2\/pages"}],"about":[{"href":"https:\/\/musavida.com\/pecheurs\/wp-json\/wp\/v2\/types\/page"}],"author":[{"embeddable":true,"href":"https:\/\/musavida.com\/pecheurs\/wp-json\/wp\/v2\/users\/1"}],"replies":[{"embeddable":true,"href":"https:\/\/musavida.com\/pecheurs\/wp-json\/wp\/v2\/comments?post=11"}],"version-history":[{"count":3,"href":"https:\/\/musavida.com\/pecheurs\/wp-json\/wp\/v2\/pages\/11\/revisions"}],"predecessor-version":[{"id":690,"href":"https:\/\/musavida.com\/pecheurs\/wp-json\/wp\/v2\/pages\/11\/revisions\/690"}],"wp:attachment":[{"href":"https:\/\/musavida.com\/pecheurs\/wp-json\/wp\/v2\/media?parent=11"}],"curies":[{"name":"wp","href":"https:\/\/api.w.org\/{rel}","templated":true}]}}